{"id":488,"date":"2026-01-17T22:09:11","date_gmt":"2026-01-17T22:09:11","guid":{"rendered":"https:\/\/thai-chef.dk\/?page_id=488"},"modified":"2026-01-18T00:18:24","modified_gmt":"2026-01-18T00:18:24","slug":"menu-med-billeder-og-tekst","status":"publish","type":"page","link":"https:\/\/thai-chef.dk\/index.php\/menu-med-billeder-og-tekst\/","title":{"rendered":"Menu med billeder og tekst"},"content":{"rendered":"\n<hr class=\"wp-block-separator has-alpha-channel-opacity\"\/>\n\n\n\n<h1 class=\"wp-block-heading\">Forretter:<\/h1>\n\n\n\n<hr class=\"wp-block-separator has-alpha-channel-opacity\"\/>\n\n\n\n<div class=\"wp-block-media-text is-stacked-on-mobile\"><figure class=\"wp-block-media-text__media\"><img loading=\"lazy\" decoding=\"async\" width=\"450\" height=\"588\" src=\"https:\/\/thai-chef.dk\/wp-content\/uploads\/2026\/01\/nr-1.jpg\" alt=\"\" class=\"wp-image-489 size-full\" srcset=\"https:\/\/thai-chef.dk\/wp-content\/uploads\/2026\/01\/nr-1.jpg 450w, https:\/\/thai-chef.dk\/wp-content\/uploads\/2026\/01\/nr-1-230x300.jpg 230w\" sizes=\"auto, (max-width: 450px) 100vw, 450px\" \/><\/figure><div class=\"wp-block-media-text__content\">\n<h2 class=\"wp-block-heading\">Nr 1. For\u00e5rsruller.<\/h2>\n\n\n\n<p>4 Stk serveres med s\u00f8d chili sauce.<\/p>\n\n\n\n<p><strong>Kun 59,-<\/strong><\/p>\n<\/div><\/div>\n\n\n\n<hr class=\"wp-block-separator has-alpha-channel-opacity\"\/>\n\n\n\n<div class=\"wp-block-media-text is-stacked-on-mobile\"><figure class=\"wp-block-media-text__media\"><img loading=\"lazy\" decoding=\"async\" width=\"800\" height=\"800\" src=\"https:\/\/thai-chef.dk\/wp-content\/uploads\/2026\/01\/Nr-2.jpeg\" alt=\"\" class=\"wp-image-498 size-full\" srcset=\"https:\/\/thai-chef.dk\/wp-content\/uploads\/2026\/01\/Nr-2.jpeg 800w, https:\/\/thai-chef.dk\/wp-content\/uploads\/2026\/01\/Nr-2-300x300.jpeg 300w, https:\/\/thai-chef.dk\/wp-content\/uploads\/2026\/01\/Nr-2-150x150.jpeg 150w, https:\/\/thai-chef.dk\/wp-content\/uploads\/2026\/01\/Nr-2-768x768.jpeg 768w\" sizes=\"auto, (max-width: 800px) 100vw, 800px\" \/><\/figure><div class=\"wp-block-media-text__content\">\n<h2 class=\"wp-block-heading\">Nr 2. Tempurarejer.<\/h2>\n\n\n\n<p>4 Stk serveres med s\u00f8d chili sauce.<\/p>\n\n\n\n<p><strong>Kun 59,-<\/strong><\/p>\n<\/div><\/div>\n\n\n\n<hr class=\"wp-block-separator has-alpha-channel-opacity\"\/>\n\n\n\n<div class=\"wp-block-media-text is-stacked-on-mobile\"><figure class=\"wp-block-media-text__media\"><img loading=\"lazy\" decoding=\"async\" width=\"683\" height=\"1024\" src=\"https:\/\/thai-chef.dk\/wp-content\/uploads\/2026\/01\/Nr-3-683x1024.jpeg\" alt=\"\" class=\"wp-image-499 size-full\" srcset=\"https:\/\/thai-chef.dk\/wp-content\/uploads\/2026\/01\/Nr-3-683x1024.jpeg 683w, https:\/\/thai-chef.dk\/wp-content\/uploads\/2026\/01\/Nr-3-200x300.jpeg 200w, https:\/\/thai-chef.dk\/wp-content\/uploads\/2026\/01\/Nr-3-768x1152.jpeg 768w, https:\/\/thai-chef.dk\/wp-content\/uploads\/2026\/01\/Nr-3.jpeg 800w\" sizes=\"auto, (max-width: 683px) 100vw, 683px\" \/><\/figure><div class=\"wp-block-media-text__content\">\n<h2 class=\"wp-block-heading\">Nr 3. Indbagt Kylling.<\/h2>\n\n\n\n<p>4 Stk serveres med s\u00f8d chili sauce.<\/p>\n\n\n\n<p><strong>Kun 59,-<\/strong><\/p>\n<\/div><\/div>\n\n\n\n<hr class=\"wp-block-separator has-alpha-channel-opacity\"\/>\n\n\n\n<div class=\"wp-block-media-text is-stacked-on-mobile\"><figure class=\"wp-block-media-text__media\"><img loading=\"lazy\" decoding=\"async\" width=\"495\" height=\"599\" src=\"https:\/\/thai-chef.dk\/wp-content\/uploads\/2026\/01\/Nr-4.jpg\" alt=\"\" class=\"wp-image-493 size-full\" srcset=\"https:\/\/thai-chef.dk\/wp-content\/uploads\/2026\/01\/Nr-4.jpg 495w, https:\/\/thai-chef.dk\/wp-content\/uploads\/2026\/01\/Nr-4-248x300.jpg 248w\" sizes=\"auto, (max-width: 495px) 100vw, 495px\" \/><\/figure><div class=\"wp-block-media-text__content\">\n<h2 class=\"wp-block-heading\">Nr 4. Forret Mix.<\/h2>\n\n\n\n<p>2 stk For\u00e5rsruller, 2 stk Indbagt Kylling og 2 stk Tempurarejer.<\/p>\n\n\n\n<p>Serveres med s\u00f8d chili sauce.<\/p>\n\n\n\n<p><strong>Kun 85,-<\/strong><\/p>\n<\/div><\/div>\n\n\n\n<hr class=\"wp-block-separator has-alpha-channel-opacity\"\/>\n\n\n\n<h1 class=\"wp-block-heading has-text-align-left\">Hovedretter:<\/h1>\n\n\n\n<hr class=\"wp-block-separator has-alpha-channel-opacity\"\/>\n\n\n\n<div class=\"wp-block-media-text is-stacked-on-mobile\"><figure class=\"wp-block-media-text__media\"><img loading=\"lazy\" decoding=\"async\" width=\"460\" height=\"597\" src=\"https:\/\/thai-chef.dk\/wp-content\/uploads\/2026\/01\/Nr-5.jpg\" alt=\"\" class=\"wp-image-494 size-full\" srcset=\"https:\/\/thai-chef.dk\/wp-content\/uploads\/2026\/01\/Nr-5.jpg 460w, https:\/\/thai-chef.dk\/wp-content\/uploads\/2026\/01\/Nr-5-231x300.jpg 231w\" sizes=\"auto, (max-width: 460px) 100vw, 460px\" \/><\/figure><div class=\"wp-block-media-text__content\">\n<h2 class=\"wp-block-heading\">Nr 5. Tom-Yum Suppe.<\/h2>\n\n\n\n<p>Med Fl\u00f8de, Galangarod, Lemongr\u00e6s, Limeblade, Thai Chili Paste, Guler\u00f8dder, L\u00f8g, For\u00e5rsl\u00f8g, Champignon og Tomater. \ud83c\udf36\ufe0f\u200b<\/p>\n\n\n\n<p>Du kan v\u00e6lge: <\/p>\n\n\n\n<p>Rejer, Kylling eller som Vegetar?<\/p>\n\n\n\n<p>Ris eller Nudler?<\/p>\n\n\n\n<p><strong>Kun 109,-<\/strong><\/p>\n<\/div><\/div>\n\n\n\n<hr class=\"wp-block-separator has-alpha-channel-opacity\"\/>\n\n\n\n<div class=\"wp-block-media-text is-stacked-on-mobile\"><figure class=\"wp-block-media-text__media\"><img loading=\"lazy\" decoding=\"async\" width=\"459\" height=\"606\" src=\"https:\/\/thai-chef.dk\/wp-content\/uploads\/2026\/01\/Nr-6-1.jpg\" alt=\"\" class=\"wp-image-496 size-full\" srcset=\"https:\/\/thai-chef.dk\/wp-content\/uploads\/2026\/01\/Nr-6-1.jpg 459w, https:\/\/thai-chef.dk\/wp-content\/uploads\/2026\/01\/Nr-6-1-227x300.jpg 227w\" sizes=\"auto, (max-width: 459px) 100vw, 459px\" \/><\/figure><div class=\"wp-block-media-text__content\">\n<h2 class=\"wp-block-heading\">Nr 6. Tom-Kha Suppe.<\/h2>\n\n\n\n<p>Med Kokosm\u00e6lk, \u200bGalangarod, Lemongr\u00e6s, Limeblade, Guler\u00f8dder, L\u00f8g, For\u00e5rsl\u00f8g, Champignon og Tomater.\u200b<\/p>\n\n\n\n<p>Du kan v\u00e6lge: <\/p>\n\n\n\n<p>Rejer, Kylling eller som Vegetar?<\/p>\n\n\n\n<p>Ris eller Nudler?<\/p>\n\n\n\n<p><strong>Kun 109,-<\/strong><\/p>\n<\/div><\/div>\n\n\n\n<hr class=\"wp-block-separator has-alpha-channel-opacity\"\/>\n\n\n\n<div class=\"wp-block-media-text is-stacked-on-mobile\"><figure class=\"wp-block-media-text__media\"><img loading=\"lazy\" decoding=\"async\" width=\"683\" height=\"1024\" src=\"https:\/\/thai-chef.dk\/wp-content\/uploads\/2026\/01\/Nr-7-683x1024.jpg\" alt=\"\" class=\"wp-image-500 size-full\" srcset=\"https:\/\/thai-chef.dk\/wp-content\/uploads\/2026\/01\/Nr-7-683x1024.jpg 683w, https:\/\/thai-chef.dk\/wp-content\/uploads\/2026\/01\/Nr-7-200x300.jpg 200w, https:\/\/thai-chef.dk\/wp-content\/uploads\/2026\/01\/Nr-7-768x1152.jpg 768w, https:\/\/thai-chef.dk\/wp-content\/uploads\/2026\/01\/Nr-7.jpg 800w\" sizes=\"auto, (max-width: 683px) 100vw, 683px\" \/><\/figure><div class=\"wp-block-media-text__content\">\n<h2 class=\"wp-block-heading\">Nr 7. B\u00f8rne Menu.<\/h2>\n\n\n\n<p>Stegte Ris med k\u00f8d, \u00c6g, Soya og \u00d8sterssauce.<\/p>\n\n\n\n<p>Du kan v\u00e6lge:<\/p>\n\n\n\n<p>Svinek\u00f8d, Oksek\u00f8d, Kylling, Rejer eller Vegetar?<\/p>\n\n\n\n<p><strong>Kun 69,-<\/strong><\/p>\n<\/div><\/div>\n\n\n\n<hr class=\"wp-block-separator has-alpha-channel-opacity\"\/>\n\n\n\n<div class=\"wp-block-media-text is-stacked-on-mobile\"><figure class=\"wp-block-media-text__media\"><img loading=\"lazy\" decoding=\"async\" width=\"683\" height=\"1024\" src=\"https:\/\/thai-chef.dk\/wp-content\/uploads\/2026\/01\/Nr-8-683x1024.jpeg\" alt=\"\" class=\"wp-image-501 size-full\" srcset=\"https:\/\/thai-chef.dk\/wp-content\/uploads\/2026\/01\/Nr-8-683x1024.jpeg 683w, https:\/\/thai-chef.dk\/wp-content\/uploads\/2026\/01\/Nr-8-200x300.jpeg 200w, https:\/\/thai-chef.dk\/wp-content\/uploads\/2026\/01\/Nr-8-768x1152.jpeg 768w, https:\/\/thai-chef.dk\/wp-content\/uploads\/2026\/01\/Nr-8.jpeg 800w\" sizes=\"auto, (max-width: 683px) 100vw, 683px\" \/><\/figure><div class=\"wp-block-media-text__content\">\n<h2 class=\"wp-block-heading\">Nr 8. B\u00f8rne Menu.<\/h2>\n\n\n\n<p>Stegte Nudler med k\u00f8d, \u00c6g, Soya og \u00d8sterssauce.<\/p>\n\n\n\n<p>Du kan v\u00e6lge:<\/p>\n\n\n\n<p>Svinek\u00f8d, Oksek\u00f8d, Kylling, Rejer eller Vegetar?<\/p>\n\n\n\n<p><strong>Kun 69,-<\/strong><\/p>\n<\/div><\/div>\n\n\n\n<hr class=\"wp-block-separator has-alpha-channel-opacity\"\/>\n\n\n\n<div class=\"wp-block-media-text is-stacked-on-mobile\"><figure class=\"wp-block-media-text__media\"><img loading=\"lazy\" decoding=\"async\" width=\"466\" height=\"607\" src=\"https:\/\/thai-chef.dk\/wp-content\/uploads\/2026\/01\/Nr-9.jpg\" alt=\"\" class=\"wp-image-502 size-full\" srcset=\"https:\/\/thai-chef.dk\/wp-content\/uploads\/2026\/01\/Nr-9.jpg 466w, https:\/\/thai-chef.dk\/wp-content\/uploads\/2026\/01\/Nr-9-230x300.jpg 230w\" sizes=\"auto, (max-width: 466px) 100vw, 466px\" \/><\/figure><div class=\"wp-block-media-text__content\">\n<h2 class=\"wp-block-heading\">Nr 9. R\u00f8d Karry.<\/h2>\n\n\n\n<p>St\u00e6rk R\u00f8d Karry med k\u00f8d, Kokosm\u00e6lk, \u200b\u200bBambus, Peberfrugt,Guler\u00f8dder, Blomk\u00e5l, Broccoli, Basilikum og Limeblade.\ud83c\udf36\ufe0f\ud83c\udf36\ufe0f<\/p>\n\n\n\n<p>Du kan v\u00e6lge:<\/p>\n\n\n\n<p>Svinek\u00f8d, Oksek\u00f8d, Kylling, Rejer eller Vegetar?<\/p>\n\n\n\n<p>Ris eller Nudler?<\/p>\n\n\n\n<p><strong>Kun 109,-<\/strong><\/p>\n<\/div><\/div>\n\n\n\n<hr class=\"wp-block-separator has-alpha-channel-opacity\"\/>\n\n\n\n<div class=\"wp-block-media-text is-stacked-on-mobile\"><figure class=\"wp-block-media-text__media\"><img loading=\"lazy\" decoding=\"async\" width=\"474\" height=\"611\" src=\"https:\/\/thai-chef.dk\/wp-content\/uploads\/2026\/01\/Nr-10.jpg\" alt=\"\" class=\"wp-image-503 size-full\" srcset=\"https:\/\/thai-chef.dk\/wp-content\/uploads\/2026\/01\/Nr-10.jpg 474w, https:\/\/thai-chef.dk\/wp-content\/uploads\/2026\/01\/Nr-10-233x300.jpg 233w\" sizes=\"auto, (max-width: 474px) 100vw, 474px\" \/><\/figure><div class=\"wp-block-media-text__content\">\n<h2 class=\"wp-block-heading\">Nr 10. Gr\u00f8n Karry.<\/h2>\n\n\n\n<p>St\u00e6rk Gr\u00f8n Karry med k\u00f8d, kokosm\u00e6lk, \u200b\u200bBambus, Peberfrugt, Guler\u00f8dder, Blomk\u00e5l, Broccoli, \u200b\u200bBasilikum og Limeblade. \u200b\ud83c\udf36\ufe0f\ud83c\udf36\ufe0f<\/p>\n\n\n\n<p>Du kan v\u00e6lge:<\/p>\n\n\n\n<p>Svinek\u00f8d, Oksek\u00f8d, Kylling, Rejer eller Vegetar?<\/p>\n\n\n\n<p>Ris eller Nudler?<\/p>\n\n\n\n<p><strong>Kun 109,-<\/strong><\/p>\n<\/div><\/div>\n\n\n\n<hr class=\"wp-block-separator has-alpha-channel-opacity\"\/>\n\n\n\n<div class=\"wp-block-media-text is-stacked-on-mobile\"><figure class=\"wp-block-media-text__media\"><img loading=\"lazy\" decoding=\"async\" width=\"448\" height=\"594\" src=\"https:\/\/thai-chef.dk\/wp-content\/uploads\/2026\/01\/Nr-11.jpg\" alt=\"\" class=\"wp-image-504 size-full\" srcset=\"https:\/\/thai-chef.dk\/wp-content\/uploads\/2026\/01\/Nr-11.jpg 448w, https:\/\/thai-chef.dk\/wp-content\/uploads\/2026\/01\/Nr-11-226x300.jpg 226w\" sizes=\"auto, (max-width: 448px) 100vw, 448px\" \/><\/figure><div class=\"wp-block-media-text__content\">\n<h2 class=\"wp-block-heading\">Nr 11. Panang Karry.<\/h2>\n\n\n\n<p>K\u00f8d, Kokosm\u00e6lk, Peberfrugt, Guler\u00f8dder, Limeblade. <strong>\ud83c\udf36\ufe0f<\/strong><\/p>\n\n\n\n<p>Du kan v\u00e6lge:<\/p>\n\n\n\n<p>Svinek\u00f8d, Oksek\u00f8d, Kylling, Rejer eller Vegetar?<\/p>\n\n\n\n<p>Ris eller Nudler?<\/p>\n\n\n\n<p><strong>Kun 109,-<\/strong><\/p>\n<\/div><\/div>\n\n\n\n<hr class=\"wp-block-separator has-alpha-channel-opacity\"\/>\n\n\n\n<div class=\"wp-block-media-text is-stacked-on-mobile\"><figure class=\"wp-block-media-text__media\"><img loading=\"lazy\" decoding=\"async\" width=\"443\" height=\"591\" src=\"https:\/\/thai-chef.dk\/wp-content\/uploads\/2026\/01\/Nr-12.jpg\" alt=\"\" class=\"wp-image-506 size-full\" srcset=\"https:\/\/thai-chef.dk\/wp-content\/uploads\/2026\/01\/Nr-12.jpg 443w, https:\/\/thai-chef.dk\/wp-content\/uploads\/2026\/01\/Nr-12-225x300.jpg 225w\" sizes=\"auto, (max-width: 443px) 100vw, 443px\" \/><\/figure><div class=\"wp-block-media-text__content\">\n<h2 class=\"wp-block-heading\">Nr 12. Gul Karry.<\/h2>\n\n\n\n<p>K\u00f8d, Kokosm\u00e6lk, Peberfrugt, Blomk\u00e5l, Broccoli, Guler\u00f8dder, Kartofler og L\u00f8g. \ud83c\udf36\ufe0f<\/p>\n\n\n\n<p>Du kan v\u00e6lge:<\/p>\n\n\n\n<p>Svinek\u00f8d, Oksek\u00f8d, Kylling, Rejer eller Vegetar?<\/p>\n\n\n\n<p>Ris eller Nudler?<\/p>\n\n\n\n<p><strong>Kun 109,-<\/strong><\/p>\n<\/div><\/div>\n\n\n\n<hr class=\"wp-block-separator has-alpha-channel-opacity\"\/>\n\n\n\n<div class=\"wp-block-media-text is-stacked-on-mobile\"><figure class=\"wp-block-media-text__media\"><img loading=\"lazy\" decoding=\"async\" width=\"458\" height=\"597\" src=\"https:\/\/thai-chef.dk\/wp-content\/uploads\/2026\/01\/Nr-13.jpg\" alt=\"\" class=\"wp-image-507 size-full\" srcset=\"https:\/\/thai-chef.dk\/wp-content\/uploads\/2026\/01\/Nr-13.jpg 458w, https:\/\/thai-chef.dk\/wp-content\/uploads\/2026\/01\/Nr-13-230x300.jpg 230w\" sizes=\"auto, (max-width: 458px) 100vw, 458px\" \/><\/figure><div class=\"wp-block-media-text__content\">\n<h2 class=\"wp-block-heading\">Nr 13. Pad Med Mamuang.<\/h2>\n\n\n\n<p>Stegt k\u00f8d med \u00d8sterssauce, Soyasauce, Peberfrugt, Guler\u00f8dder, L\u00f8g, For\u00e5rsl\u00f8g, Hvidl\u00f8g og Cashewn\u00f8dder.<\/p>\n\n\n\n<p>Du kan v\u00e6lge:<\/p>\n\n\n\n<p>Svinek\u00f8d, Oksek\u00f8d, Kylling, Rejer eller Vegetar?<\/p>\n\n\n\n<p>Ris eller Nudler?<\/p>\n\n\n\n<p><strong>Kun 109,-<\/strong><\/p>\n<\/div><\/div>\n\n\n\n<hr class=\"wp-block-separator has-alpha-channel-opacity\"\/>\n\n\n\n<div class=\"wp-block-media-text is-stacked-on-mobile\"><figure class=\"wp-block-media-text__media\"><img loading=\"lazy\" decoding=\"async\" width=\"457\" height=\"594\" src=\"https:\/\/thai-chef.dk\/wp-content\/uploads\/2026\/01\/Nr-14.jpg\" alt=\"\" class=\"wp-image-508 size-full\" srcset=\"https:\/\/thai-chef.dk\/wp-content\/uploads\/2026\/01\/Nr-14.jpg 457w, https:\/\/thai-chef.dk\/wp-content\/uploads\/2026\/01\/Nr-14-231x300.jpg 231w\" sizes=\"auto, (max-width: 457px) 100vw, 457px\" \/><\/figure><div class=\"wp-block-media-text__content\">\n<h2 class=\"wp-block-heading\">Nr 14. Pad Prew Wan.<\/h2>\n\n\n\n<p>Stegt k\u00f8d med \u00d8sterssauce, Surs\u00f8dsauce, Peberfrugt, Guler\u00f8dder, L\u00f8g, For\u00e5rsl\u00f8g, Hvidl\u00f8g, Ananas, Broccoli, Blomk\u00e5l og Tomater.<\/p>\n\n\n\n<p>Du kan v\u00e6lge:<\/p>\n\n\n\n<p>Svinek\u00f8d, Oksek\u00f8d, Kylling, Rejer eller Vegetar?<\/p>\n\n\n\n<p>Ris eller Nudler?<\/p>\n\n\n\n<p><strong>Kun 109,-<\/strong><\/p>\n<\/div><\/div>\n\n\n\n<hr class=\"wp-block-separator has-alpha-channel-opacity\"\/>\n\n\n\n<div class=\"wp-block-media-text is-stacked-on-mobile\"><figure class=\"wp-block-media-text__media\"><img loading=\"lazy\" decoding=\"async\" width=\"454\" height=\"594\" src=\"https:\/\/thai-chef.dk\/wp-content\/uploads\/2026\/01\/Nr-15.jpg\" alt=\"\" class=\"wp-image-509 size-full\" srcset=\"https:\/\/thai-chef.dk\/wp-content\/uploads\/2026\/01\/Nr-15.jpg 454w, https:\/\/thai-chef.dk\/wp-content\/uploads\/2026\/01\/Nr-15-229x300.jpg 229w\" sizes=\"auto, (max-width: 454px) 100vw, 454px\" \/><\/figure><div class=\"wp-block-media-text__content\">\n<h2 class=\"wp-block-heading\">Nr 15. Pad Prig Thai Dam.<\/h2>\n\n\n\n<p>Stegt k\u00f8d med \u00d8sterssauce, Sort Peberkorn, Soyasauce, Peberfrugt, Guler\u00f8dder, L\u00f8g, For\u00e5rsl\u00f8g, Hvidl\u00f8g, Champignon og Blomk\u00e5l\u200b.<\/p>\n\n\n\n<p>Du kan v\u00e6lge:<\/p>\n\n\n\n<p>Svinek\u00f8d, Oksek\u00f8d, Kylling, Rejer eller Vegetar?<\/p>\n\n\n\n<p>Ris eller Nudler?<\/p>\n\n\n\n<p><strong>Kun 109,-<\/strong><\/p>\n<\/div><\/div>\n\n\n\n<hr class=\"wp-block-separator has-alpha-channel-opacity\"\/>\n\n\n\n<div class=\"wp-block-media-text is-stacked-on-mobile\"><figure class=\"wp-block-media-text__media\"><img loading=\"lazy\" decoding=\"async\" width=\"443\" height=\"592\" src=\"https:\/\/thai-chef.dk\/wp-content\/uploads\/2026\/01\/Nr-16.jpg\" alt=\"\" class=\"wp-image-510 size-full\" srcset=\"https:\/\/thai-chef.dk\/wp-content\/uploads\/2026\/01\/Nr-16.jpg 443w, https:\/\/thai-chef.dk\/wp-content\/uploads\/2026\/01\/Nr-16-224x300.jpg 224w\" sizes=\"auto, (max-width: 443px) 100vw, 443px\" \/><\/figure><div class=\"wp-block-media-text__content\">\n<h2 class=\"wp-block-heading\">Nr 16. Pad Nam Man Hoi.<\/h2>\n\n\n\n<p>Stegt k\u00f8d med \u00d8sterssauce, Peberfrugt, \u200b<\/p>\n\n\n\n<p>Guler\u00f8dder, L\u00f8g, For\u00e5rsl\u00f8g, Hvidl\u00f8g,<\/p>\n\n\n\n<p>Broccoli, Blomk\u00e5l og Champignon.<\/p>\n\n\n\n<p>Du kan v\u00e6lge:<\/p>\n\n\n\n<p>Svinek\u00f8d, Oksek\u00f8d, Kylling, Rejer eller Vegetar?<\/p>\n\n\n\n<p>Ris eller Nudler?<\/p>\n\n\n\n<p><strong>Kun 109,-<\/strong><\/p>\n<\/div><\/div>\n\n\n\n<hr class=\"wp-block-separator has-alpha-channel-opacity\"\/>\n\n\n\n<div class=\"wp-block-media-text is-stacked-on-mobile\"><figure class=\"wp-block-media-text__media\"><img loading=\"lazy\" decoding=\"async\" width=\"454\" height=\"600\" src=\"https:\/\/thai-chef.dk\/wp-content\/uploads\/2026\/01\/Nr-17.jpg\" alt=\"\" class=\"wp-image-512 size-full\" srcset=\"https:\/\/thai-chef.dk\/wp-content\/uploads\/2026\/01\/Nr-17.jpg 454w, https:\/\/thai-chef.dk\/wp-content\/uploads\/2026\/01\/Nr-17-227x300.jpg 227w\" sizes=\"auto, (max-width: 454px) 100vw, 454px\" \/><\/figure><div class=\"wp-block-media-text__content\">\n<h2 class=\"wp-block-heading\">Nr 17. Pad Khing.<\/h2>\n\n\n\n<p>Stegt k\u00f8d med Ingef\u00e6r, \u00d8sterssauce, Peberfrugt, \u200bGuler\u00f8dder, L\u00f8g, For\u00e5rsl\u00f8g, Hvidl\u00f8g, Blomk\u00e5l og Champignon\u200b.<\/p>\n\n\n\n<p>Du kan v\u00e6lge:<\/p>\n\n\n\n<p>Svinek\u00f8d, Oksek\u00f8d, Kylling, Rejer eller Vegetar?<\/p>\n\n\n\n<p>Ris eller Nudler?<\/p>\n\n\n\n<p><strong>Kun 109,-<\/strong><\/p>\n<\/div><\/div>\n\n\n\n<hr class=\"wp-block-separator has-alpha-channel-opacity\"\/>\n\n\n\n<div class=\"wp-block-media-text is-stacked-on-mobile\"><figure class=\"wp-block-media-text__media\"><img loading=\"lazy\" decoding=\"async\" width=\"454\" height=\"597\" src=\"https:\/\/thai-chef.dk\/wp-content\/uploads\/2026\/01\/Nr-18.jpg\" alt=\"\" class=\"wp-image-513 size-full\" srcset=\"https:\/\/thai-chef.dk\/wp-content\/uploads\/2026\/01\/Nr-18.jpg 454w, https:\/\/thai-chef.dk\/wp-content\/uploads\/2026\/01\/Nr-18-228x300.jpg 228w\" sizes=\"auto, (max-width: 454px) 100vw, 454px\" \/><\/figure><div class=\"wp-block-media-text__content\">\n<h2 class=\"wp-block-heading\">Nr 18. Kao Pad.<\/h2>\n\n\n\n<p>Stegt k\u00f8d med Ris, \u00d8sterssauce, Soyasauce, \u00c6g, Guler\u00f8dder, \u200bL\u00f8g, For\u00e5rsl\u00f8g, Hvidl\u00f8g, Broccoli, Blomk\u00e5l og Tomater.<\/p>\n\n\n\n<p>Du kan v\u00e6lge:<\/p>\n\n\n\n<p>Svinek\u00f8d, Oksek\u00f8d, Kylling, Rejer eller Vegetar?<\/p>\n\n\n\n<p><strong>Kun 109,-<\/strong><\/p>\n<\/div><\/div>\n\n\n\n<hr class=\"wp-block-separator has-alpha-channel-opacity\"\/>\n\n\n\n<div class=\"wp-block-media-text is-stacked-on-mobile\"><figure class=\"wp-block-media-text__media\"><img loading=\"lazy\" decoding=\"async\" width=\"457\" height=\"599\" src=\"https:\/\/thai-chef.dk\/wp-content\/uploads\/2026\/01\/Nr-19.jpg\" alt=\"\" class=\"wp-image-514 size-full\" srcset=\"https:\/\/thai-chef.dk\/wp-content\/uploads\/2026\/01\/Nr-19.jpg 457w, https:\/\/thai-chef.dk\/wp-content\/uploads\/2026\/01\/Nr-19-229x300.jpg 229w\" sizes=\"auto, (max-width: 457px) 100vw, 457px\" \/><\/figure><div class=\"wp-block-media-text__content\">\n<h2 class=\"wp-block-heading\">Nr 19. Pad Nudler.<\/h2>\n\n\n\n<p>Stegt k\u00f8d med \u00c6gnudler, \u00d8sterssauce, Soyasauce, \u00c6g, Guler\u00f8dder, L\u00f8g, For\u00e5rsl\u00f8g, Hvidl\u00f8g og Broccoli.<\/p>\n\n\n\n<p>Du kan v\u00e6lge:<\/p>\n\n\n\n<p>Svinek\u00f8d, Oksek\u00f8d, Kylling, Rejer eller Vegetar?<\/p>\n\n\n\n<p><strong>Kun 109,-<\/strong><\/p>\n<\/div><\/div>\n\n\n\n<hr class=\"wp-block-separator has-alpha-channel-opacity\"\/>\n\n\n\n<h1 class=\"wp-block-heading\">Specielle Thailandske Retter:<\/h1>\n\n\n\n<hr class=\"wp-block-separator has-alpha-channel-opacity\"\/>\n\n\n\n<div class=\"wp-block-media-text is-stacked-on-mobile\"><figure class=\"wp-block-media-text__media\"><img loading=\"lazy\" decoding=\"async\" width=\"463\" height=\"600\" src=\"https:\/\/thai-chef.dk\/wp-content\/uploads\/2026\/01\/Nr-20.jpg\" alt=\"\" class=\"wp-image-515 size-full\" srcset=\"https:\/\/thai-chef.dk\/wp-content\/uploads\/2026\/01\/Nr-20.jpg 463w, https:\/\/thai-chef.dk\/wp-content\/uploads\/2026\/01\/Nr-20-232x300.jpg 232w\" sizes=\"auto, (max-width: 463px) 100vw, 463px\" \/><\/figure><div class=\"wp-block-media-text__content\">\n<h2 class=\"wp-block-heading\">Nr 20. Pad Thai.<\/h2>\n\n\n\n<p>Stegt k\u00f8d med Ris-Nudler Tamarinsauce, \u00c6g, \u200bGuler\u00f8dder, L\u00f8g, For\u00e5rsl\u00f8g, Hvidl\u00f8g og B\u00f8nnespirer. <\/p>\n\n\n\n<p>Serveres med blendet Peanuts.<\/p>\n\n\n\n<p>Du kan v\u00e6lge:<\/p>\n\n\n\n<p>Svinek\u00f8d, Oksek\u00f8d, Kylling, Rejer eller Vegetar?<\/p>\n\n\n\n<p>Ris eller Nudler?<\/p>\n\n\n\n<p><strong>Kun 119,-<\/strong><\/p>\n<\/div><\/div>\n\n\n\n<hr class=\"wp-block-separator has-alpha-channel-opacity\"\/>\n\n\n\n<div class=\"wp-block-media-text is-stacked-on-mobile\"><figure class=\"wp-block-media-text__media\"><img loading=\"lazy\" decoding=\"async\" width=\"683\" height=\"1024\" src=\"https:\/\/thai-chef.dk\/wp-content\/uploads\/2026\/01\/Nr-21-683x1024.png\" alt=\"\" class=\"wp-image-517 size-full\" srcset=\"https:\/\/thai-chef.dk\/wp-content\/uploads\/2026\/01\/Nr-21-683x1024.png 683w, https:\/\/thai-chef.dk\/wp-content\/uploads\/2026\/01\/Nr-21-200x300.png 200w, https:\/\/thai-chef.dk\/wp-content\/uploads\/2026\/01\/Nr-21-768x1152.png 768w, https:\/\/thai-chef.dk\/wp-content\/uploads\/2026\/01\/Nr-21.png 1024w\" sizes=\"auto, (max-width: 683px) 100vw, 683px\" \/><\/figure><div class=\"wp-block-media-text__content\">\n<h2 class=\"wp-block-heading\">Nr 21. Pad Krapow.<\/h2>\n\n\n\n<p>Stegt k\u00f8d med Chili, Hvidl\u00f8g, \u200bGr\u00f8nne B\u00f8nner, \u00d8sterssauce, Soyasauce, Peberfrugt, Guler\u00f8dder, \u200bL\u00f8g og Basilikum. \ud83c\udf36\ufe0f\ud83c\udf36\ufe0f\u200b<\/p>\n\n\n\n<p>Du kan v\u00e6lge:<\/p>\n\n\n\n<p>Svinek\u00f8d, Oksek\u00f8d, Kylling, Rejer eller Vegetar?<\/p>\n\n\n\n<p>Ris eller Nudler?<\/p>\n\n\n\n<p><strong>Kun 119,-<\/strong><\/p>\n<\/div><\/div>\n\n\n\n<hr class=\"wp-block-separator has-alpha-channel-opacity\"\/>\n\n\n\n<div class=\"wp-block-media-text is-stacked-on-mobile\"><figure class=\"wp-block-media-text__media\"><img loading=\"lazy\" decoding=\"async\" width=\"525\" height=\"597\" src=\"https:\/\/thai-chef.dk\/wp-content\/uploads\/2026\/01\/Nr-22.jpg\" alt=\"\" class=\"wp-image-518 size-full\" srcset=\"https:\/\/thai-chef.dk\/wp-content\/uploads\/2026\/01\/Nr-22.jpg 525w, https:\/\/thai-chef.dk\/wp-content\/uploads\/2026\/01\/Nr-22-264x300.jpg 264w\" sizes=\"auto, (max-width: 525px) 100vw, 525px\" \/><\/figure><div class=\"wp-block-media-text__content\">\n<h2 class=\"wp-block-heading\">Nr 22. Thai Style Kyllinge Salat.<\/h2>\n\n\n\n<p>med friturestegt Kylling, Blendet: R\u00f8dl\u00f8g, For\u00e5rsl\u00f8g, Mynte, Fiskesauce, Chili Flager,<\/p>\n\n\n\n<p>citronsaft \ud83c\udf36\ufe0f\ud83c\udf36\ufe0f<\/p>\n\n\n\n<p>Serveres med agurk<\/p>\n\n\n\n<p>Du kan v\u00e6lge:<\/p>\n\n\n\n<p>Ris eller Nudler?<\/p>\n\n\n\n<p><strong>Kun 119,-<\/strong><\/p>\n<\/div><\/div>\n\n\n\n<hr class=\"wp-block-separator has-alpha-channel-opacity\"\/>\n\n\n\n<div class=\"wp-block-media-text is-stacked-on-mobile\"><figure class=\"wp-block-media-text__media\"><img loading=\"lazy\" decoding=\"async\" width=\"449\" height=\"598\" src=\"https:\/\/thai-chef.dk\/wp-content\/uploads\/2026\/01\/Nr-23.jpg\" alt=\"\" class=\"wp-image-519 size-full\" srcset=\"https:\/\/thai-chef.dk\/wp-content\/uploads\/2026\/01\/Nr-23.jpg 449w, https:\/\/thai-chef.dk\/wp-content\/uploads\/2026\/01\/Nr-23-225x300.jpg 225w\" sizes=\"auto, (max-width: 449px) 100vw, 449px\" \/><\/figure><div class=\"wp-block-media-text__content\">\n<h2 class=\"wp-block-heading\">Nr 23. Massaman Karry.<\/h2>\n\n\n\n<p>med k\u00f8d, \u200b\u200bKokosm\u00e6lk, Peberfrugt, Guler\u00f8dder, Blomk\u00e5l, Broccoli, Kartofler og L\u00f8g. \ud83c\udf36\ufe0f<\/p>\n\n\n\n<p>Du kan v\u00e6lge:<\/p>\n\n\n\n<p>Svinek\u00f8d, Oksek\u00f8d, Kylling, Rejer eller Vegetar?<\/p>\n\n\n\n<p>Ris eller Nudler?<\/p>\n\n\n\n<p><strong>Kun 119,-<\/strong><\/p>\n<\/div><\/div>\n\n\n\n<hr class=\"wp-block-separator has-alpha-channel-opacity\"\/>\n\n\n\n<h1 class=\"wp-block-heading\">Ekstra Tilbeh\u00f8r:<\/h1>\n\n\n\n<p>Ekstra k\u00f8d: 25,- <\/p>\n\n\n\n<p>Ekstra Ris\/Nudler 25,- <\/p>\n\n\n\n<p>Ekstra Gr\u00f8ntsager 25,- <\/p>\n\n\n\n<p>S\u00f8d Chili Sauce 5,- <\/p>\n\n\n\n<p>B\u00e6repose 6,-<\/p>\n","protected":false},"excerpt":{"rendered":"<p>Forretter: Nr 1. For\u00e5rsruller. 4 Stk serveres med s\u00f8d chili sauce. Kun 59,- Nr 2. Tempurarejer. 4 Stk serveres med s\u00f8d chili sauce. Kun 59,- [&hellip;]<\/p>\n","protected":false},"author":1,"featured_media":0,"parent":0,"menu_order":0,"comment_status":"closed","ping_status":"closed","template":"","meta":{"footnotes":""},"class_list":["post-488","page","type-page","status-publish","hentry"],"_links":{"self":[{"href":"https:\/\/thai-chef.dk\/index.php\/wp-json\/wp\/v2\/pages\/488","targetHints":{"allow":["GET"]}}],"collection":[{"href":"https:\/\/thai-chef.dk\/index.php\/wp-json\/wp\/v2\/pages"}],"about":[{"href":"https:\/\/thai-chef.dk\/index.php\/wp-json\/wp\/v2\/types\/page"}],"author":[{"embeddable":true,"href":"https:\/\/thai-chef.dk\/index.php\/wp-json\/wp\/v2\/users\/1"}],"replies":[{"embeddable":true,"href":"https:\/\/thai-chef.dk\/index.php\/wp-json\/wp\/v2\/comments?post=488"}],"version-history":[{"count":14,"href":"https:\/\/thai-chef.dk\/index.php\/wp-json\/wp\/v2\/pages\/488\/revisions"}],"predecessor-version":[{"id":526,"href":"https:\/\/thai-chef.dk\/index.php\/wp-json\/wp\/v2\/pages\/488\/revisions\/526"}],"wp:attachment":[{"href":"https:\/\/thai-chef.dk\/index.php\/wp-json\/wp\/v2\/media?parent=488"}],"curies":[{"name":"wp","href":"https:\/\/api.w.org\/{rel}","templated":true}]}}